of 8748?
True
Does 153 divide 15828?
False
Does 116 divide 11600?
True
Does 117 divide 3627?
True
Is 202 a factor of 89284?
True
Is 3541 a multiple of 21?
False
Does 116 divide 63684?
True
Does 27 divide 4077?
True
Is 29 a factor of 2616?
False
Is 14733 a multiple of 193?
False
Is 102 a factor of 2958?
True
Is 18 a factor of 3240?
True
Does 12 divide 360?
True
Is 7808 a multiple of 16?
True
Does 7 divide 3074?
False
Does 34 divide 8704?
True
Is 286 a factor of 119262?
True
Is 17 a factor of 119?
True
Does 7 divide 1484?
True
Does 14 divide 1526?
True
Is 7196 a multiple of 7?
True
Is 23 a factor of 2929?
False
Does 26 divide 312?
True
Is 16 a factor of 6416?
True
Is 18 a factor of 2458?
False
Is 4 a factor of 4202?
False
Does 60 divide 5820?
True
Does 12 divide 2004?
True
Is 148 a factor of 740?
True
Does 2 divide 109?
False
Does 11 divide 124?
False
Is 22 a factor of 9039?
False
Is 2184 a multiple of 91?
True
Is 14 a factor of 5433?
False
Does 57 divide 661?
False
Is 1152 a multiple of 32?
True
Does 185 divide 11270?
False
Does 89 divide 7565?
True
Is 3942 a multiple of 54?
True
Is 38192 a multiple of 56?
True
Does 64 divide 1152?
True
Is 31 a factor of 1151?
False
Does 22 divide 3454?
True
Is 5 a factor of 423?
False
Does 8 divide 2272?
True
Is 54 a factor of 21546?
True
Is 6 a factor of 149?
False
Does 14 divide 1426?
False
Is 5249 a multiple of 181?
True
Does 109 divide 34117?
True
Is 484 a multiple of 44?
True
Is 37 a factor of 777?
True
Does 20 divide 10640?
True
Does 41 divide 3198?
True
Is 22351 a multiple of 103?
True
Does 202 divide 65044?
True
Is 13 a factor of 342?
False
Does 140 divide 5600?
True
Is 92 a factor of 24017?
False
Is 3780 a multiple of 20?
True
Is 18 a factor of 72?
True
Does 6 divide 368?
False
Does 87 divide 7660?
False
Is 692 a multiple of 4?
True
Is 163 a factor of 31296?
True
Is 19 a factor of 20611?
False
Does 91 divide 10696?
False
Is 13157 a multiple of 158?
False
Does 16 divide 1536?
True
Is 19 a factor of 4047?
True
Does 14 divide 27351?
False
Is 4922 a multiple of 46?
True
Is 1692 a multiple of 6?
True
Is 60 a factor of 7107?
False
Is 8 a factor of 112?
True
Is 11 a factor of 97?
False
Is 16575 a multiple of 17?
True
Is 3038 a multiple of 31?
True
Does 9 divide 7236?
True
Does 165 divide 58905?
True
Is 7 a factor of 5880?
True
Does 104 divide 4699?
False
Is 34 a factor of 20978?
True
Does 25 divide 505?
False
Is 7 a factor of 420?
True
Is 132 a multiple of 23?
False
Does 13 divide 146?
False
Is 86922 a multiple of 17?
False
Is 80 a multiple of 5?
True
Is 5 a factor of 8160?
True
Is 777 a multiple of 7?
True
Is 6229 a multiple of 82?
False
Is 24 a factor of 1560?
True
Is 1123 a multiple of 13?
False
Is 9 a factor of 12763?
False
Is 60 a factor of 1486?
False
Does 6 divide 573?
False
Is 8123 a multiple of 19?
False
Is 1658 a multiple of 8?
False
Is 54 a factor of 41796?
True
Does 69 divide 1433?
False
Is 63837 a multiple of 173?
True
Is 26 a factor of 9621?
False
Is 6 a factor of 2802?
True
Does 68 divide 7548?
True
Is 9824 a multiple of 32?
True
Does 10 divide 660?
True
Is 83616 a multiple of 52?
True
Does 20 divide 7747?
False
Is 8500 a multiple of 8?
False
Is 85 a multiple of 17?
True
Is 5296 a multiple of 134?
False
Is 28 a factor of 3864?
True
Is 1202 a multiple of 153?
False
Is 15827 a multiple of 49?
True
Is 16 a multiple of 2?
True
Is 58 a factor of 2636?
False
Does 24 divide 24?
True
Is 490 a multiple of 14?
True
Is 25 a factor of 425?
True
Is 94 a factor of 2068?
True
Is 59965 a multiple of 67?
True
Does 9 divide 245?
False
Does 6 divide 90?
True
Is 1911 a multiple of 147?
True
Is 1495 a multiple of 5?
True
Is 25 a factor of 26050?
True
Is 510 a multiple of 3?
True
Is 32 a factor of 19072?
True
Is 62 a factor of 19716?
True
Is 35 a factor of 3045?
True
Does 14 divide 36484?
True
Does 93 divide 13667?
False
Does 20 divide 3169?
False
Is 4740 a multiple of 82?
False
Does 19 divide 4218?
True
Does 9 divide 4608?
True
Does 28 divide 3668?
True
Does 56 divide 20628?
False
Is 135 a factor of 36315?
True
Is 29 a factor of 23983?
True
Does 34 divide 12648?
True
Does 81 divide 12578?
False
Is 17 a factor of 80648?
True
Is 36638 a multiple of 21?
False
Is 2472 a multiple of 8?
True
Does 7 divide 700?
True
Does 13 divide 1677?
True
Does 359 divide 15830?
False
Is 13327 a multiple of 60?
False
Does 15 divide 49?
False
Is 88803 a multiple of 143?
True
Is 18 a factor of 311?
False
Does 152 divide 27263?
False
Is 7434 a multiple of 9?
True
Is 2 a factor of 3151?
False
Does 7 divide 49?
True
Does 20 divide 2620?
True
Does 84 divide 12557?
False
Is 21780 a multiple of 36?
True
Does 24 divide 20496?
True
Is 7336 a multiple of 29?
False
Is 9471 a multiple of 5?
False
Does 5 divide 345?
True
Does 38 divide 7842?
False
Does 339 divide 78987?
True
Does 119 divide 6902?
True
Is 410 a multiple of 9?
False
Does 16 divide 3008?
True
Is 13570 a multiple of 115?
True
Does 4 divide 1096?
True
Is 6 a factor of 1512?
True
Is 3 a factor of 126?
True
Is 2160 a multiple of 4?
True
Is 13 a factor of 11192?
False
Does 158 divide 107124?
True
Does 44 divide 264?
True
Does 10 divide 1098?
False
Is 1077 a multiple of 38?
False
Is 6 a multiple of 5?
False
Is 3515 a multiple of 19?
True
Is 972 a multiple of 36?
True
Is 29849 a multiple of 9?
False
Is 71 a factor of 737?
False
Does 5 divide 216?
False
Is 44104 a multiple of 149?
True
Is 2923 a multiple of 37?
True
Does 10 divide 377?
False
Is 1524 a multiple of 4?
True
Is 32 a multiple of 16?
True
Is 748 a multiple of 42?
False
Is 15 a factor of 450?
True
Does 13 divide 6227?
True
Does 77 divide 117142?
False
Is 4 a factor of 132?
True
Is 13 a factor of 3228?
False
Is 15258 a multiple of 8?
False
Is 1775 a multiple of 25?
True
Does 15 divide 270?
True
Does 4 divide 118?
False
Is 48 a factor of 2304?
True
Is 2776 a multiple of 8?
True
Does 6 divide 720?
True
Does 63 divide 16569?
True
Is 5864 a multiple of 16?
False
Is 73 a multiple of 6?
False
Does 7 divide 8437?
False
Is 19 a factor of 12027?
True
Does 13 divide 20294?
False
Is 13 a factor of 1126?
False
Is 3572 a multiple of 94?
True
Is 14646 a multiple of 91?
False
Is 28274 a multiple of 134?
True
Is 6 a factor of 1085?
False
Is 29518 a multiple of 35?
False
Is 20 a factor of 500?
True
Does 202 divide 3636?
True
Is 5 a factor of 89?
False
Is 9160 a multiple of 20?
True
Is 18 a factor of 85229?
False
Is 12 a factor of 13452?
True
Is 4620 a multiple of 20?
True
Is 7 a factor of 2373?
True
Is 14 a factor of 22743?
False
Is 4487 a multiple of 74?
False
Is 735 a multiple of 15?
True
Does 35 divide 16345?
True
Is 78510 a multiple of 31?
False
Is 4 a factor of 83?
False
Does 16 divide 2688?
True
Is 8445 a multiple of 14?
False
Is 241 a factor of 116266?
False
Does 3 divide 8243?
False
Is 197 a factor of 19032?
False
Is 63 a factor of 11942?
False
Does 5 divide 4190?
True
Is 38 a factor of 9589?
False
Is 39 a factor of 222?
False
Is 553 a multiple of 15?
False
Is 76 a multiple of 14?
False
Is 29 a factor of 13688?
True
Is 7980 a multiple of 266?
True
Is 21594 a multiple of 79?
False
Does 135 divide 3279?
False
Is 30 a factor of 5850?
True
Is 451 a multiple of 12?
False
Does 52 divide 247?
False
Is 21 a factor of 1869?
True
Is 8 a factor of 33546?
False
Does 147 divide 735?
True
Is 432 a multiple of 24?
True
Does 36 divide 285?
False
Does 30 divide 3877?
False
Does 21 divide 1281?
True
Is 13 a factor of 17557?
False
Is 738 a multiple of 29?
False
Is 7 a factor of 196?
True
Does 46 divide 8050?
True
Is 240 even?
True
Does 25 divide 4045?
False
Is 17 a factor of 713?
False
Does 22 divide 24451?
False
Does 56 divide 8183?
False
Is 22 a factor of 1298?
True
Is 191 a factor of 32184?
False
Is 357 a multiple of 3?
True
Does 24 divide 12601?
False
Is 26334 a multiple of 231?
True
Is 45 a factor of 61604?
False
Is 23370 a multiple of 205?
True
Is 190 a factor of 9629?
False
Is 63 a factor of 4428?
False
Does 71 divide 11715?
True
Is 49416 a multiple of 367?
False
Does 209 divide 18392?
True
Is 29 a factor of 6237?
False
Is 3772 a multiple of 67?
False
Does 45 divide 192?
False
Is 21 a factor of 16632?
True
Is 48 a factor of 1448?
False
Is 33 a factor of 63566?
False
Is 579 a multiple of 10?
False
Does 38 divide 31485?
False
Is 3700 a multiple of 10?
